{"id":104,"date":"2023-09-28T15:16:48","date_gmt":"2023-09-28T13:16:48","guid":{"rendered":"https:\/\/iris-naturopathe.fr\/?page_id=104"},"modified":"2025-04-15T15:12:51","modified_gmt":"2025-04-15T13:12:51","slug":"les-sceances","status":"publish","type":"page","link":"https:\/\/iris-naturopathe.fr\/index.php\/les-sceances\/","title":{"rendered":"Les s\u00e9ances"},"content":{"rendered":"\n<p><\/p>\n\n\n\n<p class=\"has-text-color has-link-color wp-elements-1d0f41eedb665abb8f69cfb72ade2540\" style=\"color:#2c5551;font-size:15px;font-style:normal;font-weight:300\"><strong><em>La s\u00e9ance de naturopathie<\/em><\/strong><br>La naturopathie s\u2019int\u00e9resse \u00e0 la personne dans sa globalit\u00e9. Tant physique qu\u2019\u00e9motionnelle, elle cible le sommeil, la fatigue, la grossesse, les troubles menstruels, la m\u00e9nopause, les habitudes alimentaires, le surpoids, le stress, l\u2019anxi\u00e9t\u00e9, les troubles de sant\u00e9 chroniques qu\u2019ils soient respiratoires, dermatologiques.. et ce, \u00e0 tout \u00e2ge.<\/p>\n\n\n\n<p class=\"has-text-color has-link-color wp-elements-20c6b8a4ce6414da2da18bc6550f32b8\" style=\"color:#2c5551;font-size:15px;font-style:normal;font-weight:300\">La naturopathie agit sur les d\u00e9s\u00e9quilibres de l\u2019organisme, \u00e0 la recherche de la cause premi\u00e8re des troubles de la personne. Elle donne ensuite au corps les moyens de se r\u00e9g\u00e9n\u00e9rer en permettant de stimuler ses capacit\u00e9s d\u2019auto-gu\u00e9rison. Elle permet de maintenir ou de retrouver le bien-\u00eatre, gr\u00e2ce \u00e0 son approche individualis\u00e9e et personnalis\u00e9e en utilisant des moyens exclusivement naturels.<\/p>\n\n\n\n<div style=\"height:38px\" aria-hidden=\"true\" class=\"wp-block-spacer\"><\/div>\n\n\n\n<p class=\"has-text-color has-link-color wp-elements-5155da97399a6d79bba3a06f4a78e1d6\" style=\"color:#2c5551;font-size:15px;font-style:normal;font-weight:300\">Dans un premier temps, un \u00e9change d\u00e9taill\u00e9 sur <strong>vos habitudes de vie<\/strong> et <strong>votre histoire personnelle<\/strong> va permettre d\u2019\u00e9tablir un bilan vital.&nbsp;<\/p>\n\n\n\n<p class=\"has-text-color has-link-color wp-elements-f32f3db8111463e7c7ff35665ffa4702\" style=\"color:#2c5551;font-size:15px;font-style:normal;font-weight:300\">D\u2019une dur\u00e9e de 1H15-1H30, ce bilan complet va d\u00e9terminer, votre vitalit\u00e9, votre constitution, les forces et les faiblesses de votre organisme, les surcharges, les carences.&nbsp;<\/p>\n\n\n\n<p class=\"has-text-color has-link-color wp-elements-de814f52d65a943c887798d92780fc72\" style=\"color:#2c5551;font-size:15px;font-style:normal;font-weight:300\">A l\u2019issue de notre s\u00e9ance, je prendrais le temps de vous adresser par mail un Plan d\u2019Hygi\u00e8ne Vitale personnalis\u00e9, auquel vous pourrez vous r\u00e9f\u00e9rer si vous avez des interrogations. Le but de ce support d\u00e9taill\u00e9 \u00e9tant de vous accompagner et de vous soutenir dans votre quotidien et votre retour au mieux-\u00eatre.&nbsp; Il vous permettra, si bien appliqu\u00e9, de retrouver votre \u00e9quilibre physique, mental et \u00e9motionnel, en stimulant votre organisme au mieux-\u00eatre et en corrigeant certains dysfonctionnement qui alt\u00e8rent votre bien-\u00eatre.&nbsp;<\/p>\n\n\n\n<p class=\"has-text-color has-link-color wp-elements-2613b23f32e9a640cba4acbeafb0f040\" style=\"color:#2c5551;font-size:15px;font-style:normal;font-weight:300\">Je reste \u00e9galement disponible entre les s\u00e9ances, si besoin, pour toute question ou pr\u00e9cision.&nbsp;<\/p>\n\n\n\n<p class=\"has-text-color has-link-color wp-elements-cc0b305edcdcbfcfc650b957f428a004\" style=\"color:#2c5551;font-size:15px;font-style:normal;font-weight:300\"><strong><em>Le r\u00f4le du naturopathe n\u2019est en aucun cas de faire un diagnostique m\u00e9dical mais plut\u00f4t d\u2019\u00e9tablir un bilan de vitalit\u00e9 et d\u2019accompagner \u00e0 une meilleure hygi\u00e8ne de vie.&nbsp;<\/em><\/strong><\/p>\n\n\n\n<p class=\"has-text-color has-link-color wp-elements-8f3fec04675309b1de8e62da7da85c0d\" style=\"color:#2c5551;font-size:15px;font-style:normal;font-weight:300\">L&rsquo;accompagnement naturopathique se fait sur une ou plusieurs s\u00e9ances, afin de r\u00e9pondre \u00e0 vos besoins et probl\u00e9matiques, et ainsi vous soutenir sur le chemin naturel du bien-\u00eatre et de la sant\u00e9. Elles peuvent \u00e9galement s\u2019accompagner de diff\u00e9rentes techniques de bien-\u00eatre afin de stimuler l\u2019organisme telles que le massage bien-\u00eatre et la r\u00e9flexologie.<\/p>\n\n\n\n<div style=\"height:38px\" aria-hidden=\"true\" class=\"wp-block-spacer\"><\/div>\n\n\n\n<p class=\"has-text-color has-link-color wp-elements-9c4953ec58fe011ef4f344a03ed61abd\" style=\"color:#2c5551;font-size:15px;font-style:normal;font-weight:300\"><strong><em>Consultation de suivi<\/em><\/strong><br>La consultation de suivi dure environ 1H. Elle permet de faire le point sur votre bien-\u00eatre suite \u00e0 notre premi\u00e8re s\u00e9ance, d\u2019adapter et d\u2019ajuster les techniques et les moyens mis en place, et ainsi d\u2019approfondir vos besoins.<\/p>\n\n\n\n<div style=\"height:38px\" aria-hidden=\"true\" class=\"wp-block-spacer\"><\/div>\n\n\n\n<p class=\"has-text-color has-link-color wp-elements-aaee8026d9be8f06a5d07ec61b483773\" style=\"color:#2c5551;font-size:15px;font-style:normal;font-weight:300\"><\/p>\n\n\n\n<p class=\"has-text-color has-link-color wp-elements-049693d58f529b46f05ef530200cd02f\" style=\"color:#812d55ed;font-size:15px;font-style:normal;font-weight:300\"><em><strong>A noter :<\/strong><\/em> Les effets b\u00e9n\u00e9fiques des conseils&nbsp;donn\u00e9s (alimentation, habitudes de vie,&nbsp;compl\u00e9ments alimentaires..) ne sont pas&nbsp;n\u00e9cessairement imm\u00e9diats. Pour une&nbsp;efficacit\u00e9 optimale, il est n\u00e9cessaire de&nbsp;s&rsquo;\u00e9couter et de prendre en compte le&nbsp;fonctionnement de votre organisme tout en&nbsp;mettant en place de bonnes habitudes&nbsp;d&rsquo;hygi\u00e8ne de vie pour favoriser un \u00e9tat de&nbsp;bien-\u00eatre sur la dur\u00e9e.<\/p>\n\n\n\n<p class=\"has-text-color has-link-color wp-elements-c2bf3949392a01e2d4f76af0e4021de2\" style=\"color:#812d55ed;font-size:15px;font-style:normal;font-weight:300\"><strong><em>Informations compl\u00e9mentaires :<\/em><\/strong> N\u2019\u00e9tant pas&nbsp;m\u00e9decin, il n\u2019est pas de mon ressort de vous&nbsp;demander d\u2019arr\u00eater ou de suspendre un&nbsp;traitement prescrit par votre m\u00e9decin traitant,&nbsp;ni de vous prescrire quelque m\u00e9dicament que&nbsp;ce soit.&nbsp;<\/p>\n\n\n\n<p><\/p>\n","protected":false},"excerpt":{"rendered":"<p>La s\u00e9ance de naturopathieLa naturopathie s\u2019int\u00e9resse \u00e0 la personne dans sa globalit\u00e9. Tant physique qu\u2019\u00e9motionnelle, elle cible le sommeil, la fatigue, la grossesse, les troubles menstruels, la m\u00e9nopause, les habitudes alimentaires, le surpoids, le stress, l\u2019anxi\u00e9t\u00e9, les troubles de sant\u00e9 chroniques qu\u2019ils soient respiratoires, dermatologiques.. et ce, \u00e0 tout \u00e2ge. La naturopathie agit sur les d\u00e9s\u00e9quilibres de l\u2019organisme, \u00e0 la recherche de la cause premi\u00e8re des troubles de la personne. Elle donne ensuite au corps les moyens de se r\u00e9g\u00e9n\u00e9rer en permettant de stimuler ses capacit\u00e9s d\u2019auto-gu\u00e9rison. Elle permet de maintenir ou de retrouver le bien-\u00eatre, gr\u00e2ce \u00e0 son approche individualis\u00e9e et personnalis\u00e9e en utilisant des moyens exclusivement naturels. Dans un premier temps, un \u00e9change d\u00e9taill\u00e9 sur vos habitudes de vie et votre histoire personnelle va permettre d\u2019\u00e9tablir un bilan vital.&nbsp; D\u2019une dur\u00e9e de 1H15-1H30, ce bilan complet va d\u00e9terminer, votre vitalit\u00e9, votre constitution, les forces et les faiblesses de votre organisme, les surcharges, les carences.&nbsp; A l\u2019issue de notre s\u00e9ance, je prendrais le temps de vous adresser par mail un Plan d\u2019Hygi\u00e8ne Vitale personnalis\u00e9, auquel vous pourrez vous r\u00e9f\u00e9rer si vous avez des interrogations. Le but de ce support d\u00e9taill\u00e9 \u00e9tant de vous accompagner et de vous soutenir dans votre quotidien et votre retour au mieux-\u00eatre.&nbsp; Il vous permettra, si bien appliqu\u00e9, de retrouver votre \u00e9quilibre physique, mental et \u00e9motionnel, en stimulant votre organisme au mieux-\u00eatre et en corrigeant certains dysfonctionnement qui alt\u00e8rent votre bien-\u00eatre.&nbsp; Je reste \u00e9galement disponible entre les s\u00e9ances, si besoin, pour toute question ou pr\u00e9cision.&nbsp; Le r\u00f4le du naturopathe n\u2019est en aucun cas de faire un diagnostique m\u00e9dical mais plut\u00f4t d\u2019\u00e9tablir un bilan de vitalit\u00e9 et d\u2019accompagner \u00e0 une meilleure hygi\u00e8ne de vie.&nbsp; L&rsquo;accompagnement naturopathique se fait sur une ou plusieurs s\u00e9ances, afin de r\u00e9pondre \u00e0 vos besoins et probl\u00e9matiques, et ainsi vous soutenir sur le chemin naturel du bien-\u00eatre et de la sant\u00e9. Elles peuvent \u00e9galement s\u2019accompagner de diff\u00e9rentes techniques de bien-\u00eatre afin de stimuler l\u2019organisme telles que le massage bien-\u00eatre et la r\u00e9flexologie. Consultation de suiviLa consultation de suivi dure environ 1H. Elle permet de faire le point sur votre bien-\u00eatre suite \u00e0 notre premi\u00e8re s\u00e9ance, d\u2019adapter et d\u2019ajuster les techniques et les moyens mis en place, et ainsi d\u2019approfondir vos besoins. A noter : Les effets b\u00e9n\u00e9fiques des conseils&nbsp;donn\u00e9s (alimentation, habitudes de vie,&nbsp;compl\u00e9ments alimentaires..) ne sont pas&nbsp;n\u00e9cessairement imm\u00e9diats. Pour une&nbsp;efficacit\u00e9 optimale, il est n\u00e9cessaire de&nbsp;s&rsquo;\u00e9couter et de prendre en compte le&nbsp;fonctionnement de votre organisme tout en&nbsp;mettant en place de bonnes habitudes&nbsp;d&rsquo;hygi\u00e8ne de vie pour favoriser un \u00e9tat de&nbsp;bien-\u00eatre sur la dur\u00e9e. Informations compl\u00e9mentaires : N\u2019\u00e9tant pas&nbsp;m\u00e9decin, il n\u2019est pas de mon ressort de vous&nbsp;demander d\u2019arr\u00eater ou de suspendre un&nbsp;traitement prescrit par votre m\u00e9decin traitant,&nbsp;ni de vous prescrire quelque m\u00e9dicament que&nbsp;ce soit.&nbsp;<\/p>\n","protected":false},"author":2,"featured_media":0,"parent":0,"menu_order":0,"comment_status":"closed","ping_status":"closed","template":"","meta":{"footnotes":""},"class_list":["post-104","page","type-page","status-publish","hentry"],"_links":{"self":[{"href":"https:\/\/iris-naturopathe.fr\/index.php\/wp-json\/wp\/v2\/pages\/104","targetHints":{"allow":["GET"]}}],"collection":[{"href":"https:\/\/iris-naturopathe.fr\/index.php\/wp-json\/wp\/v2\/pages"}],"about":[{"href":"https:\/\/iris-naturopathe.fr\/index.php\/wp-json\/wp\/v2\/types\/page"}],"author":[{"embeddable":true,"href":"https:\/\/iris-naturopathe.fr\/index.php\/wp-json\/wp\/v2\/users\/2"}],"replies":[{"embeddable":true,"href":"https:\/\/iris-naturopathe.fr\/index.php\/wp-json\/wp\/v2\/comments?post=104"}],"version-history":[{"count":16,"href":"https:\/\/iris-naturopathe.fr\/index.php\/wp-json\/wp\/v2\/pages\/104\/revisions"}],"predecessor-version":[{"id":481,"href":"https:\/\/iris-naturopathe.fr\/index.php\/wp-json\/wp\/v2\/pages\/104\/revisions\/481"}],"wp:attachment":[{"href":"https:\/\/iris-naturopathe.fr\/index.php\/wp-json\/wp\/v2\/media?parent=104"}],"curies":[{"name":"wp","href":"https:\/\/api.w.org\/{rel}","templated":true}]}}